ainder when 1217 is divided by q.
7
Suppose -l - 75 = -2*b, -5*l + 10 = 5*b - 4*b. Calculate the remainder when b is divided by (-16 - -10)/(2/(-3)).
8
Let o = 821 + -807. Calculate the remainder when 40 is divided by o.
12
Let m(a) = 3*a**2 + 8*a - 4. Let u be (-4)/(-10) + (-213)/(-5). Let l = u + -21. What is the remainder when l is divided by m(-4)?
10
What is the remainder when (-7 + (-117)/(-15))*805 is divided by 43?
42
Suppose 12*o = 9*o + 9. Suppose o*x + 2*x = -2*c + 138, -4*c + 80 = 3*x. Calculate the remainder when 165 is divided by x.
25
Let n(z) = -z**2 + 12*z + 1. Let v(s) = -2*s**2 + 23*s + 3. Suppose 31 = -3*w - 2. Let m(c) = w*n(c) + 6*v(c). What is the remainder when 22 is divided by m(5)?
10
Suppose 8*v - 15 = 3*v. Suppose -v*k - 90 = -b, 2*k - k - 4 = 0. Suppose -2*q = -0*q - b. What is the remainder when q is divided by 13?
12
Let h(x) = 1 + 13*x - 17*x + 3 + 137*x**2. Calculate the remainder when h(1) is divided by 23.
22
Let n be (-9 + 3)*39/9. Let a = 39 + n. Calculate the remainder when a is divided by 12.
1
Calculate the remainder when 276 is divided by (3132/(-203))/(4/(-70)).
6
Suppose 0*w - 2*w - 16 = 0. Let g = w - -3. Let i = g + 20. What is the remainder when 44 is divided by i?
14
Let k = -254 + 278. What is the remainder when k is divided by 16?
8
Let i = 7 + -19. What is the remainder when (i + -30)*(-1)/(-2)*-9 is divided by 48?
45
Let m(r) = 28*r + 4. Let n be m(-3). Let d = -53 - n. Calculate the remainder when (-107)/((6 - 3) + -4) is divided by d.
26
Let a(b) = -4*b**2 + 75*b - 72. What is the remainder when a(17) is divided by 39?
8
Let x = -84 + 90. Suppose -456 = -x*a - 2*a. What is the remainder when 226 is divided by a?
55
Suppose 256 = 11*h + 135. Suppose 57 = a + 2*a. What is the remainder when a is divided by h?
8
Let c(h) = h**2 + 23*h + 96. What is the remainder when c(-23) is divided by 39?
18
Suppose 0*z = 5*d - 3*z - 16, 0 = -3*d - 2*z + 2. Suppose -110 = -d*t - 42. What is the remainder when t is divided by 9?
7
Suppose b - p = 1, 5*b + 3*p - 6*p - 11 = 0. Suppose y - 28 = -k + 4, -b*y + 138 = -k. Let n = 20 + -2. Calculate the remainder when y is divided by n.
16
Let b(m) = 15*m**2 - 2*m - 2. Let x be b(2). Let y = 85 + -70. Let k = x - y. Calculate the remainder when k is divided by 14.
11
Let o(w) = -w**2 + 9*w + 6. Let c be o(5). Let y = c - -12. Let s = -17 + y. What is the remainder when 61 is divided by s?
19
Suppose -l - 7*l = 480. Let o = l - -69. What is the remainder when 17 is divided by o?
8
Let g = -78 - -123. Let f = -9 + g. Suppose -5*c + f = -c. Calculate the remainder when c is divided by 5.
4
Suppose -4*n = 8, 2*n - 48 = z - 3*z. Let q = 44 - z. Calculate the remainder when 49 is divided by q.
13
Suppose 23 + 25 = 3*i. Calculate the remainder when i is divided by 11.
5
Let b = 38 - -47. Suppose 0*c + b = c. Suppose -202*i + 206*i = 2*v - 38, -39 = -5*v - 4*i. What is the remainder when c is divided by v?
8
Let u(z) = z**3 + 7*z**2 + 35*z + 206. What is the remainder when 252 is divided by u(-6)?
28
Let g(b) = 10*b - 4. Suppose 9*y = 84 + 87 + 27. Calculate the remainder when g(5) is divided by y.
2
Let l(o) = -o**2 - 24*o - 42. Calculate the remainder when 144 is divided by l(-21).
18
Let q = 3106 - 3091. What is the remainder when 1675 is divided by q?
10
Suppose 6*t - 99 = -3*g, -2 = 4*t + 2. What is the remainder when g is divided by (0 - 1 - 0)*-14?
7
Let s be (3 - 1)/(2/(-16)*-2). Suppose j = 4*r - 32, j + 0*j + s = r. Suppose -2*z = z - 93. What is the remainder when z is divided by r?
7
Suppose 7 = 4*f - 1. Suppose 0*q = 5*w - f*q + 47, 0 = -4*w + 2*q - 38. Let b = 34 + w. What is the remainder when b is divided by 9?
7
What is the remainder when 752/12 - 2/3 is divided by 1*(-3 + 1) + 12 - 1?
8
Suppose -79*c + 1820 = -9*c. Let v(n) = 76*n**2 - 2*n + 1. What is the remainder when v(1) is divided by c?
23
Let l(h) = -h + 7. Let m be l(-3). Suppose m*o - 5*o - 305 = 0. What is the remainder when o is divided by 21?
19
Let s = 4603 + -4571. Let l(r) = -63*r**3 - r**2 - r. What is the remainder when l(-1) is divided by s?
31
Suppose -3*m - v + 27 = 0, 2 = -2*m + 4*v + 20. What is the remainder when 2/3*(104 + -38) is divided by m?
8
Let z(y) be the second derivative of -2*y**3/3 - 27*y**2/2 - 25*y. What is the remainder when 58 is divided by z(-8)?
3
Let b(s) = s**3 - 14*s - 7. What is the remainder when 27 is divided by b(-3)?
3
Let t = 638 + -529. What is the remainder when t is divided by 14?
11
Let b(g) = -g**3 + 5*g**2 + 7*g + 5. Let l be (-42)/4 + (-24)/(-16). Let d = l + 38. Calculate the remainder when d is divided by b(6).
7
Let z(r) = -3*r**2 - 22*r - 18. Calculate the remainder when 94 is divided by z(-6).
4
Suppose -6*c + 340 = -2*c. Suppose 5*r - 4*l = 74, -4*r - 2*l + 33 = -47. Calculate the remainder when c is divided by r.
13
Suppose -3*k - 20 = -80. What is the remainder when k is divided by 7?
6
Let s = -101 + 106. Suppose -8 = 5*i + 2, 2*z - 4*i = 52. Calculate the remainder when z is divided by s.
2
Let l be 5 - (-5 + 2 + 324). Let w = -116 - l. What is the remainder when w is divided by 29?
26
Suppose -2*z + 6*z = 252. Let i = z - 50. Calculate the remainder when 51 is divided by i.
12
Suppose -13*w - 153 = -22*w. What is the remainder when 34 is divided by w?
0
Let d(u) = 5*u. Suppose 0 = -2*f - r - 36, 3*f + 24 + 37 = 2*r. Let t = 25 + f. What is the remainder when d(2) is divided by t?
4
Let z = -104 - -105. Calculate the remainder when 23 is divided by z.
0
Let t = -246 - -262. What is the remainder when 124 is divided by t?
12
Let c(j) = -1 - 7*j**3 + 3*j**3 - 3*j**2 - 1 + 3*j**3. What is the remainder when 54 is divided by c(-4)?
12
Suppose 3*z + 140 = 8*z. Let d be (-2)/(-6) + z/6. Suppose d*j = 0, 0 = c - 3*c - 3*j + 26. What is the remainder when 38 is divided by c?
12
Suppose 17*y = -10*y + 324. Calculate the remainder when 129 is divided by y.
9
Suppose -5*l + 45 + 16 = 4*q, -3*l = -q + 28. Calculate the remainder when 35 is divided by q.
16
Let i be (24/(-20)*-10)/(2/3). Suppose -12*q - 36 = -i*q. Let u = 27 + -4. What is the remainder when u is divided by q?
5
Suppose 1891 = -17*m + 78*m. What is the remainder when m is divided by 1?
0
Suppose -15*x = -20*x + 20. What is the remainder when 63 is divided by (-1513)/(-119) - x/(-14)?
11
Suppose -3*o - 38 = -14. Suppose -5*a + 28 = 2*r, -5*a - 165 + 145 = 0. Calculate the remainder when (-2)/4 + (-372)/o is divided by r.
22
Let y be (4/6)/(22/(-99)). What is the remainder when (-6)/y*(-235)/(-5) is divided by 24?
22
Suppose 2*k = -3*s - 339 + 1026, 5*k = -2*s + 1701. Calculate the remainder when k is divided by 109.
12
Suppose 552 = -25*o + 31*o. Let g = 40 + -21. Calculate the remainder when o is divided by g.
16
Let l = 130 - 113. Let p(c) = 10*c + 8. Calculate the remainder when p(9) is divided by l.
13
Let h = -218 - -642. Suppose 5 = 2*n + 3*x - 14, -3*x = 9. What is the remainder when (h/(-12))/(6/(-9)) is divided by n?
11
Let c(v) = 4*v - 3*v**2 - 22 + 5*v**2 - 3*v**2 + 2*v**2. What is the remainder when c(-9) is divided by 13?
10
What is the remainder when 627 is divided by (-11)/(110/(-420)) + -1 + 1?
39
Suppose -55*z = -117*z + 76818. Calculate the remainder when z is divided by 40.
39
Let g = 3 - 22. Suppose -4 = -2*k - 12. Calculate the remainder when 39 is divided by 2 + k - (g + 3).
11
Let q(s) be the first derivative of s**4/4 + 7*s**3/3 - 6*s**2 + 2*s - 5. What is the remainder when q(-8) is divided by 9?
7
Let p(n) = 16*n**2 + 7*n - 7. Calculate the remainder when p(-4) is divided by 25.
21
Let n be -1 + 0 - (-22 - -14). What is the remainder when 125 is divided by -1*(-46 + -4 + n)?
39
Suppose 3*d + 4*w = 157, 248 - 75 = 3*d - 4*w. What is the remainder when 270 is divided by d?
50
Suppose -10 = -n - o, -4*o - 31 = -2*n + 13. Let b(q) = q**3 + 9*q**2 + 9*q + 3. What is the remainder when b(-7) is divided by n?
10
Let c(f) = f + 3. Let k be c(-1). Suppose m - 3*y = 15, k*m + 2*y = 5*m - 59. What is the remainder when 59 is divided by m?
17
Let g = 4178 - 4169. Let k = 4 + 48. Calculate the remainder when k is divided by g.
7
Let c = 19 - -4. Suppose 21*o - c*o = -140. What is the remainder when o is divided by 36?
34
Suppose 4*c - 45 + 565 = 0. Let a = c + 195. What 